he second derivative of j + 1/6*w**4 - 1/2*w**2 + 0*w**3 + 2*w. What is h(-2)?
7
Let m(g) = g**3 + 2*g**2 - 4*g + 2. Suppose 5*v = -5 + 30. Suppose -d - 9 = -4*l, l - 2 = 5*d + v. Calculate m(l).
10
Suppose 0 = -3*m - 2*i - 28, -5 = 2*m - i + 2. Let s(b) = 6*b - 4 - b**2 + 2*b**2 + 6. Give s(m).
2
Let m = -6 + 4. Let f = -3 + m. Let y(k) = -6*k + 7*k - 7 - 3*k. Determine y(f).
3
Let i = 4 + 0. Let h = -7 + i. Let y = 4 + h. Let p(u) = u**2 - u. What is p(y)?
0
Let q(p) = 5*p - 3*p - p + 0 + 6. What is q(-3)?
3
Let a = -4 + 7. Suppose -w + 9 = -0*w - 3*u, -a*w + 4*u = -17. Let k = w + -7. Let l(t) = t**3 + 5*t**2 + 5*t + 6. Calculate l(k).
2
Let y be 0 + 1 + -2 + 4. Let b(u) = 0*u - 8 + 2 + 4 - u. Give b(y).
-5
Suppose -4*w - 7 = -5*u, 0*u - 2*u + 6 = 0. Let z(l) be the third derivative of l**6/60 - l**5/30 + l**4/12 - 3*l**2. Calculate z(w).
12
Let f(b) = 5 - 4 + 2*b**2 - 3*b + 0 - 3*b**2. Give f(-4).
-3
Let i(a) = -a**3 - 6*a**2 + 6*a - 3. Let d = -4 - -9. Suppose 0 = -y - d*j + 18, 5*y + 2*j + 30 = j. Calculate i(y).
4
Let t(y) be the first derivative of y - y**2 - 1/4*y**4 - 4/3*y**3 - 6. Calculate t(-3).
-2
Suppose -t = -1 - 4. Let u(m) = -m**2 + 5*m + 2. Give u(t).
2
Let y(w) = -w. Suppose 2*v + 9 = m, -3*v - 2*m = 2*v. Calculate y(v).
2
Let u(a) = -3*a**3 - 1. Let n be u(-1). Let p be (-1 + 2)*(n - 2). Let s(i) = -2*i**2 - 9 + p*i**2 + i**2. Determine s(0).
-9
Let a(s) = -2*s**2 + 2*s. Let c be a(1). Let t(g) = g - 5 - 3 - 2. Calculate t(c).
-10
Let z = -18 + 21. Let w(m) be the first derivative of -1/4*m**4 - 4*m + 3/2*m**2 + 3 - m**z. Give w(-4).
0
Let l(p) = -51*p - 5 - 2*p**2 + p**2 + 45*p. Give l(-4).
3
Let u(w) be the first derivative of w**4/4 + 5*w**3/3 - w**2 - 7*w + 1. Determine u(-5).
3
Suppose -5*z - 4 + 24 = 0. Let b = 6 - 3. Let p(u) = -5*u - 7*u**2 + z*u**3 + 3 + 0 + 0*u**b - 5*u**3. What is p(-6)?
-3
Let x be (1/4)/((-9)/(-108)). Let l(p) = p - 3. Calculate l(x).
0
Let y = -5 + 4. Let r(c) = -9*c**2 - c. What is r(y)?
-8
Let n(q) be the first derivative of -q**2/2 + q - 50. Determine n(-6).
7
Let c(o) = -o**2 + 11*o - 25. Let l be c(9). Let f(i) = -i**3 - 8*i**2 - 10*i - 5. Determine f(l).
16
Let y(j) = j**3 + j**2 + 5*j. Let i(h) = 2*h**3 + 3*h**2 + 17*h. Let s(d) = 2*i(d) - 7*y(d). What is s(-1)?
3
Let w(o) = o**2 - 4*o + 7. Let u be w(5). Suppose 4*m - g + 0*g + 4 = 0, 3*g = -3*m + u. Let p(k) = -k**2 + 5. Calculate p(m).
5
Let g(a) = -a**2 - 3*a + 3. Suppose -3*m = -4*m - 3. Give g(m).
3
Let w = 2 + 0. Suppose -d = w*d + u + 12, 0 = 4*d - 4*u + 16. Let t(j) = -3*j**2 + 9*j + 3. Let v(n) = n**2 - 4*n - 1. Let k(a) = -2*t(a) - 5*v(a). Give k(d).
7
Let x(o) = o**3 + 5*o**2 + 6*o + 3. Let q be 22/(2*(1 - 2)). Let d = q + 7. Determine x(d).
-5
Let y(n) = n + 4 + 1 - 4. Let k be (-2)/(3/(-2) - -1). What is y(k)?
5
Let o(g) = -g**3 - 6*g**2 - 2*g - 1. Let f be o(-4). Let p be (-38)/10 + 5/f. Let m be p*(2 - 3/6). Let y(n) = -n**2 - 6*n - 6. What is y(m)?
-6
Let k be 1*(8/(-2))/(-2). Let i(g) = -g**2 + 18 + 18 + 4*g - 39. What is i(k)?
1
Let a be (-2)/((-1)/(-2)*1). Let h(p) = -6*p**2 + 25*p - 15 - p**2 + p**2. Let u(q) = -q**2 + 5*q - 3. Let y(v) = -2*h(v) + 11*u(v). Calculate y(a).
-7
Let a(i) = i + 11. Let z(s) = -2*s - 23. Let r(w) = -5*a(w) - 2*z(w). Let q = 0 - 0. What is r(q)?
-9
Let g(r) = r**3 - 7*r**2 - 5. Suppose 0 = -10*a + 53 + 17. Determine g(a).
-5
Let a(x) = -3*x**3 + 5*x**2 + 3*x - 1. Let i be a(2). Let f(c) = -c + 2. What is f(i)?
1
Let v(k) = k. Let h(m) = -6*m - 1 + 3*m + 2*m - m. Let d(q) = -h(q) - 3*v(q). Determine d(4).
-3
Let x(d) = 2*d + 2. Let n be x(3). Suppose -n = 6*z - 4*z. Let k be (-54)/(-12) + 2/z. Let f(s) = -s**3 + 5*s**2 - 7*s + 4. What is f(k)?
-8
Let l(k) be the second derivative of 9*k**5/20 - k**3/6 - k**2/2 + 2*k. What is l(-1)?
-9
Let y be -6 + 0 + (-3)/(-3). Let t(z) be the first derivative of z**4/4 + 2*z**3 + 7*z**2/2 + 4*z - 1. Calculate t(y).
-6
Let g(r) = r + 1. Suppose -4*v + 14 = -i, -4 - 1 = -5*i - 5*v. Let c(q) = -q - 7. Let x(p) = i*g(p) - c(p). What is x(5)?
0
Let s(h) be the third derivative of -1/3*h**4 + 0*h + 6*h**2 - 1/60*h**5 - 2/3*h**3 + 0. Give s(-5).
11
Let o(p) be the third derivative of p**5/60 + p**4/8 + p**3/6 - 3*p**2. Calculate o(-2).
-1
Suppose -4*o - 38 = -3*z - 10, -5*z = -4*o - 28. Let q(n) = -n - 6. Determine q(o).
1
Let l(z) = z - 2. Let p(m) = -m**3 - 11*m**2 + m + 8. Let w be p(-11). Calculate l(w).
-5
Let c = 11 + -9. Let p(f) = -3*f + 2 + 2*f - c*f. Give p(-2).
8
Let f(q) be the second derivative of -q**6/720 + q**5/120 + 7*q**4/12 - 2*q. Let g(z) be the third derivative of f(z). Give g(0).
1
Let c(x) be the third derivative of -x**6/120 + 7*x**5/60 - x**4/4 - 2*x**3/3 + 3*x**2. Determine c(6).
-4
Let v = -3 - -4. Let c(l) = -l**3 + l**2 + 1. Let x(t) = -13*t**3 + 5*t**2 + t + 6. Let j(m) = 6*c(m) - x(m). Determine j(v).
7
Let t be -7*(-1)/((-2)/(-2)). Let r(x) = -x**3 + 6*x**2 + 8*x - 4. Let j be r(t). Let y = j - 4. Let c(m) = -5*m**3 - m - 1. Give c(y).
5
Let h(i) = i - 4. Let z be (-3 + 5)*12/8. What is h(z)?
-1
Let l be ((-3)/6)/((-4)/(-16)). Let n be (2 - l)/2 + 3. Let x(h) = h - 5. What is x(n)?
0
Let z(b) = -b**2 + 4*b + 3. Let y = -3 + 7. Suppose -3*p = 3*o - 24, -y*o + 20 = 3*p - 1. Let u = 15 - p. Determine z(u).
3
Let s(v) = -4*v - 3. Let j be s(2). Let k = j + 12. Let c(i) = -6*i**2 - 2*i + 5. Let q(o) = 17*o**2 + 6*o - 14. Let y(l) = -11*c(l) - 4*q(l). Give y(k).
-3
Let u(y) be the second derivative of y**3/6 + 3*y**2/2 - 22*y. Calculate u(-10).
-7
Let u(x) = -4*x - 2. Let m = 40 - 42. Calculate u(m).
6
Let c be 1*2 + 3 + 0. Let x(d) be the second derivative of d**5/20 - d**4/2 + 7*d**3/6 - 3*d**2/2 + 2*d. Calculate x(c).
7
Let r(o) = 1 - 1 + 0*o - 3*o + 1. Calculate r(-2).
7
Let g(l) = 2*l**2 - 2*l - 1. Let s(v) = -9*v**2 + 11*v + 6. Let w(z) = 11*g(z) + 2*s(z). What is w(1)?
5
Let r(s) be the second derivative of s**7/840 - s**6/180 - s**5/40 - s**4/8 - s**3/3 - 4*s. Let a(w) be the second derivative of r(w). Give a(3).
-3
Let t(x) = x**3 - 1. Let h(j) = -4*j**3 - 4*j**2 + 2*j + 7. Let f(n) = h(n) + 5*t(n). Suppose -3*a + 7*a = 8. What is f(a)?
-2
Let p(m) = -m**3 - 4*m**2 + 4*m + 2. Suppose 0*b + 2*b + 8 = 0. Let w be 10/(b*(-3)/6). Suppose -4*t - 15 = -r + w, -2*t - 2*r - 10 = 0. What is p(t)?
7
Let o(h) = -6*h**2 - 3 + h**3 + 2 + 42*h - 53*h + 8. Give o(7).
-21
Let s(t) be the second derivative of t**3/2 + t**2/2 + 14*t. Give s(-5).
-14
Let w(q) = q**2 - q - 10. Let x(r) = r**2 - 2*r + 1. Let d be x(1). What is w(d)?
-10
Let f(i) = i**2 + 4*i + 8. Let m(n) = -3*n**2 - 9*n - 17. Let s(b) = -5*f(b) - 2*m(b). Let d(x) = 4*x**2 - 3*x - 4*x + 6*x. Let k be d(-1). What is s(k)?
9
Let q(i) = -i - 5. Let f(l) = 0*l - 3 - 2 + 9 + l. Let t(x) = 5*f(x) + 4*q(x). Determine t(6).
6
Suppose 4*s = 3*q - 19 + 158, 2*s + 4*q - 64 = 0. Let k = -24 + s. Suppose -4*g = -6 - k. Let f(t) = -t**2 + 6*t - 5. Calculate f(g).
3
Let o(q) = -89 - 88 + 171 + 2*q - q. Give o(-9).
-15
Let f(m) = -3*m**2 - 2*m + 1. Let k be f(-2). Let u(l) = -l**2 - 8*l - 5. Determine u(k).
2
Let o(h) be the first derivative of -5*h**4/4 - h**3/3 - h**2/2 - h - 1. Determine o(-1).
4
Let g be (-17)/(-3) + 2/6. Let h(w) be the second derivative of -w**5/20 + 5*w**4/12 + 5*w**3/6 + 2*w + 5. Determine h(g).
-6
Suppose 14 + 6 = -4*g. Let v(b) = -b**3 - 4*b**2 + 6*b - 7. What is v(g)?
-12
Let t(r) = -7*r**3 + 13*r**2 - 15*r - 1. Let s(v) = -4*v**3 + 7*v**2 - 8*v - 1. Let u(p) = 5*s(p) - 3*t(p). What is u(3)?
4
Suppose 0 = -3*a + 4 + 8. Suppose -v + 5 = a. Let i(o) = 2*o**3 - 2*o**2 + 2*o - 1. Determine i(v).
1
Let x(v) = v**3 + 0*v**2 + 204*v - 196*v + 9 - 9*v**2. What is x(8)?
9
Let i(k) = 10*k**3 + k - 1. Let y be i(1). Let s(m) = 0*m**3 + y - 5*m - 5*m + m**3 - 7*m**2. Determine s(8).
-6
Let s(j) be the second derivative of j**3/2 - 6*j**2 - 4*j - 4. Give s(9).
15
Let i(o) = 4*o**2 - o + 4. Let d(v) = v**2 + 1. Let h(g) = -3*d(g) + i(g). Determine h(3).
7
Let n(p) = p**2 + 13*p + 9. Let o(i) = -3*i**2 - 38*i - 26. Let h(k) = -11*n(k) - 4*o(k). Determine h(-6).
-13
Let w(o) be the second derivative of o**5/20 - o**4/4 + o**3/3 - 3*o**2/2 + o. Suppose n - 12 = -2*n, 0 = -3*g + 5*n - 17. Suppose g = -2*u + 7. Calculate w(u).
3
Let p(n) = n**2 - n. Let u be p(3). Let k(s) = -1. L